(-8). Calculate the highest common factor of f and 36.
36
Suppose -20*j + 21*j + 2 = 0, -5*j + 860 = a. Let r = 900 - a. What is the greatest common factor of r and 240?
30
Let y = 39 + -29. Let h be 12/y*30/(-9). Let s be h/2*-3 + -2. Calculate the highest common factor of 12 and s.
4
Suppose 2*d = -5*t + 820, 2*d + 2*t = d + 411. Suppose 47 = 6*f - d. Calculate the highest common factor of 7 and f.
7
Suppose 0 = g + k - 18358, -4*g + 26*k + 73429 = 31*k. Calculate the highest common divisor of g and 301.
301
Let o be 5 + 1972 + (3 - 0). What is the greatest common divisor of 8360 and o?
220
Let b be 351/312*-2*16/(-6). What is the greatest common divisor of b and 1076?
2
Suppose -27*a + 395 + 145 = 0. Suppose -2*j + 2*m = -52, -5*m - 58 - 42 = -4*j. Calculate the highest common divisor of a and j.
10
Suppose 2437 = 50*i - 1963. Calculate the greatest common factor of 632 and i.
8
Let o be 68/11 - (-2)/(-11). Let r be 20/15*10*o. Suppose 72*m + 277 = 1717. Calculate the highest common factor of r and m.
20
Suppose 2*u = -t + 37, u + 84*t - 21 = 83*t. What is the highest common divisor of u and 4912?
16
Suppose 21*s + 16*s + 5254 = 0. Let j = 10 - s. What is the highest common divisor of j and 133?
19
Let b(x) = 3*x + 70. Let v be b(0). Let y be (-39 + 4)/((-1)/7). Calculate the greatest common factor of y and v.
35
Let b(h) = -h**2 - 24*h - 36. Let q be b(-18). What is the greatest common factor of 696 and q?
24
Suppose 4*z - 13 + 5 = 0. Suppose 74 + 118 = 24*k. Suppose -k*d + 480 = -z*d. Calculate the greatest common factor of d and 5.
5
Suppose 18*v + 1710 = 23*v. Let c = v - 291. Calculate the highest common divisor of c and 306.
51
Let a be ((-80)/(-28))/((-40)/479500*-25). What is the highest common divisor of 130 and a?
10
Suppose -4*q = -5*k + 260, -2*q = -5*k + k + 214. Let b be (k/40)/7 - (-248)/10. Suppose 2*t = -2*t + 100. Calculate the greatest common factor of b and t.
25
Suppose -49*u + 23313 = 6163. Calculate the highest common factor of 12 and u.
2
Let w = -1123 - -1284. What is the greatest common factor of w and 35?
7
Let q(v) = v**2 - 8*v - 1. Let x be q(9). Suppose 12*g + 151 = -425. Let m = x - g. What is the highest common divisor of 14 and m?
14
Let r be -4 + 6 + 1 + 222. Let p(g) = 11*g - 10. Suppose 15 = 16*i - 13*i. Let k be p(i). What is the greatest common factor of r and k?
45
Let j = -313 - -88. Suppose 3*p = -1306 + 241. Let l = j - p. What is the greatest common factor of l and 10?
10
Let r(b) = -2*b**3 - 8*b**2 + 21*b + 3. Let f be r(-6). Calculate the greatest common factor of f and 69.
3
Let s = -412 + 160. Let t = s + 428. Suppose -64 = -6*m + 2*m. What is the greatest common divisor of t and m?
16
Let m = 59 - 56. Let i(d) = d + 2. Let v be i(4). Let k be v*8/(-12) + 37. Calculate the highest common divisor of k and m.
3
Suppose -5*b + 1338 + 162 = 0. Calculate the greatest common factor of b and 825.
75
Suppose -5*v + 370 = -5*f, -v + 128 = -4*f + 69. Calculate the greatest common factor of v and 9322.
79
Let i(r) = -r - 48 + 14*r - 9*r. Let g be i(17). Calculate the highest common factor of 50 and g.
10
Let s be (76/(-171))/(8/(-72)). What is the greatest common divisor of s and 784?
4
Let m be (-2)/(-7) + (-37486)/(-21) - 182/(-273). Calculate the greatest common divisor of m and 752.
94
Suppose 4*c = -4*b + 2608, 2*c - 6*c + 2612 = 2*b. Calculate the greatest common divisor of c and 3.
3
Let x be ((-20)/(-140))/(11/539). Calculate the highest common divisor of x and 31682.
7
Suppose 0 = 7*i - 59 - 109. Suppose i*r = -13*r + 1295. Calculate the greatest common divisor of 21 and r.
7
Let j = 1253 + -1097. Calculate the greatest common factor of 1378 and j.
26
Let u(c) = 1700*c**2 + 31*c - 27. Let d be u(1). Calculate the highest common divisor of d and 156.
12
Let c(l) = -4*l**3 - 3*l**2 - l + 1. Let r be -1*((-3)/1 + 4). Let t be c(r). Let i be (-4)/(-12)*(89 + 1). Calculate the highest common factor of i and t.
3
Let n = -4 - -40. Let k be -55*(96/(-20))/3. Suppose -15*p - 28 + k = 0. What is the greatest common factor of p and n?
4
Suppose 81510 + 36594 = -48*o + 122*o. Calculate the highest common factor of o and 3648.
228
Let n be 10/(-4 + 3 + 3/1). Suppose 4*o = -n*t + 97, -5*t + 101 = -o + 3*o. Let k be (t/63)/((-1)/(-276)). What is the greatest common factor of k and 46?
46
Let r = -2994 + 8268. Suppose -r = -9*o + 7038. Suppose 5*b + b = o. Calculate the highest common divisor of b and 57.
57
Let p(d) = d**2 + 3*d + 29. Let l be p(-11). Let w = 114 - l. Let s be (-6)/9*w - -33. What is the highest common factor of 315 and s?
35
Let q = -108 - -110. Suppose -9*m + q = -61. Let i(p) = 8*p**2 - 3*p - 4. Let o be i(-3). What is the highest common divisor of o and m?
7
Let r = 18 + 39. Suppose 9*s - c = 5*s + 374, 0 = -5*s - 2*c + 487. Calculate the highest common divisor of s and r.
19
Let o(x) = 3*x - 3. Let i be o(2). Let v(j) = -2*j**3 - 4*j**2 + j + 2. Let w be v(i). Let p = 96 + w. Calculate the highest common factor of 11 and p.
11
Let h be (3 + (0 - 0))*(6997/3 - 6). Calculate the highest common divisor of 7 and h.
7
Suppose -3*c = 4*n - 105, 90 = -6*c + 8*c - 4*n. Let f = -137 + 202. Calculate the highest common divisor of c and f.
13
Let a = -361 + 375. Suppose 2*h - 36 = 3*t, -a*t = 4*h - 10*t - 112. Calculate the highest common divisor of h and 6.
6
Let g(f) = f + 31. Let t be g(-14). Suppose -3*y - 12 = -4*p, 0 = -3*p - y + 5 + t. Suppose -p + 30 = 8*o. Calculate the highest common divisor of 36 and o.
3
Suppose 51*k - 866 = -4*t + 52*k, 3*t = -3*k + 597. Suppose 5*j - 715 = 5*f, -5*j + 681 + 32 = -3*f. Calculate the greatest common factor of t and j.
71
Suppose 6*c - 21*c + 13503 + 2037 = 0. Calculate the highest common divisor of c and 84.
28
Let m = 354 + -194. Let t = 1846 + -1826. Calculate the highest common divisor of t and m.
20
Let x = 1348 + -945. Suppose -3*u + 3*t + 118 = u, 4*u - 130 = -3*t. Calculate the greatest common divisor of u and x.
31
Suppose -84 - 38 - 151 = -13*y. What is the highest common factor of y and 96?
3
Let a be 185*(-12)/(-60) + -10. Let x(p) = 2*p**2 + 2*p - 12. Let f be x(9). Let h = -33 + f. Calculate the greatest common factor of a and h.
27
Let y(d) = d**3 + 9*d**2 + 3*d - 7. Let x be y(6). Calculate the highest common divisor of 133 and x.
19
Let q = 39 - 57. Let r = -9 - q. Let x(n) = 14*n**2 + 2240*n + 1. Let d be x(-160). What is the highest common divisor of r and d?
1
Let c(o) = 157*o**2 + 85*o - 346. Let r be c(9). Calculate the highest common factor of 16 and r.
16
Let j(x) = 28*x**3 - 2*x + 2. Let t(b) = b**3 - 6*b + 5. Let h be t(2). Let p be j(h). What is the greatest common factor of p and 16?
4
Suppose -2*f = -23 - 79. Let k = f - 3. Calculate the highest common factor of k and 72.
24
Let l(m) = -12*m + 75. Let t be l(6). Let i(a) = 44*a - 32. Let k be i(t). Calculate the highest common divisor of k and 150.
50
Let g be (-1550)/6 + 148/111. Let v = g - -322. What is the highest common factor of v and 52?
13
Let q(g) = 9*g + 9. Let a be -6*(-3)/30 + 24/10. Let m be q(a). Let k be (34/6 - 1)*m/14. Calculate the greatest common factor of 12 and k.
12
Let g = -12545 - -25225. What is the greatest common divisor of g and 8?
8
Suppose 8352 = 96*m - 13920. What is the highest common divisor of 3190 and m?
58
Let a(d) = 10*d + 109. Let p be a(-13). Let t be (-1332)/p + 16/28. What is the highest common divisor of t and 80?
16
Suppose -4*a - 6*m = -m - 266, -2*m = -6*a + 380. Calculate the greatest common divisor of 5360 and a.
16
Let d be 467 + (-6 - (-14 - -3)). Calculate the highest common divisor of 59 and d.
59
Suppose -3*h + 40 = 7*h. Suppose 2*q - 13 = 187. Suppose q = -2*f + 7*f. What is the highest common factor of f and h?
4
Suppose z - 22 = 4*c, 4*z - c - 2 = 2*z. Let s = -25 - -7. Let n be 0 - s - 0/(z + -1). Calculate the greatest common divisor of n and 12.
6
Suppose -21*z - 9*z + 390 = 0. Suppose z*h - 23*h = -280. Let t(f) = -3*f**3 - f + 2. Let u be t(-2). Calculate the greatest common factor of u and h.
28
Let i be 4/(30/12 - (-4)/(-8)). Suppose 3*p = 4*z - 1978, 20*z - 15*z + i*p = 2461. What is the greatest common factor of 17 and z?
17
Suppose 0 = -3*r + a - 6*a + 66, 9 = 3*a. Suppose 3097 = r*x - 2071. Calculate the gr